-35. Calculate the greatest common factor of b and r.
7
Let q = 213 - 68. Let c = -102 + q. Calculate the greatest common factor of c and 387.
43
Let o = -274 + 905. Suppose 37*c - o = 1071. Calculate the highest common divisor of c and 2.
2
Let c(b) = b**3 + 79*b**2 - 140*b - 1465. Let f be c(-73). What is the highest common factor of f and 241?
241
Let f be 25/3 + 5/(-15). Let s = f - -6. Suppose -14*k + 16*k = 28. What is the greatest common divisor of k and s?
14
Let s(v) = v**2 - 2*v - 1. Let h be s(2). Let q be ((-4)/(-60)*-33)/(h/295). Calculate the greatest common divisor of 22 and q.
11
Let u be (596/6)/(7/((-168)/(-16))). Suppose 8*a - 669 + u = 0. Let i = a + -61. Calculate the highest common factor of 10 and i.
2
Let z(f) = -148*f + 3714. Let b be z(25). What is the greatest common divisor of 4354 and b?
14
Suppose -n - 5*o + 840 = 0, 27*n + 2*o = 23*n + 3252. Calculate the greatest common factor of 9 and n.
9
Suppose 48*l - 47*l = -462. Let m = 473 + l. Calculate the highest common factor of m and 11.
11
Suppose 2887 = -33*g + 8695. Calculate the greatest common factor of 112 and g.
16
Let i(g) = -g**3 + 14*g**2 + 9*g - 12. Let j be i(8). Suppose 18 - 107 = 2*o + 23*v, 0 = o - 3*v - 57. What is the highest common factor of j and o?
12
Let r(p) = 143*p + 689. Let s be r(-4). What is the highest common factor of s and 1404?
117
Let s = -24998 + 25100. What is the highest common factor of 9367 and s?
17
Let z(y) = -12*y - 40. Let i be z(-7). Suppose 8 - 51 = -l. Let g = i - l. What is the greatest common factor of 1 and g?
1
Let l = -301 - -353. Calculate the highest common divisor of l and 11232.
52
Suppose 18 = -2*b + 66. Suppose 5*q + 44 = 2*j, j + 63*q - 64*q = 16. What is the greatest common factor of j and b?
12
Suppose z - 3*z = -w + 18705, -3*w + 3*z = -56124. Calculate the greatest common factor of 99 and w.
99
Suppose 101*f = -184 + 790. What is the greatest common factor of f and 5238?
6
Let f(z) = 3*z**2 - z. Let i be f(5). Suppose 816 + 6716 = 269*h. Calculate the highest common divisor of h and i.
14
Let o = 13721 + -13582. What is the greatest common factor of 1 and o?
1
Let b be -832*(-9 + (17 - 16)). Calculate the highest common divisor of b and 78.
26
Let g(i) = -37*i - 830. Let c be g(-26). What is the highest common divisor of 18 and c?
6
Suppose 2*g + 90 = 2*r + g, 184 = 4*r - 4*g. What is the highest common divisor of r and 20284?
44
Suppose 53 = -2*b + 91. Suppose -304 = 15*l - b*l. Calculate the highest common divisor of l and 19.
19
Let t be 3 + 120 - (-1 + -2). Suppose -408*v = -365*v - 3870. Calculate the highest common divisor of t and v.
18
Let n = 7526 + -7393. Calculate the highest common factor of n and 203.
7
Let w = 195 - 151. Suppose 4*g - w - 132 = -4*t, 0 = -2*g + t + 76. Let j = 233 - 73. What is the highest common divisor of j and g?
40
Let u be 4 + -1 + 980 + 2 + -2. Suppose 0 = 5*z - 2*a - u - 54, 2*a = -2. What is the greatest common divisor of z and 46?
23
Let m(h) = -98*h + 1. Suppose -2*q - 2*k + 13 = 3*k, -q - 2*k = -5. Let z be m(q). Suppose -2*b + z - 81 = 0. Calculate the greatest common factor of 27 and b.
9
Let i be (-2)/(-6) + (-920)/(-12). Let p(c) = 2*c**2 + 4*c + 1. Let x be (-33)/9 - (-2)/3. Let y be p(x). What is the highest common divisor of i and y?
7
Let r = 115 - 64. Let s = -752 - -752. Suppose s = 14*z - 2*z - 36. What is the highest common divisor of r and z?
3
Let i(v) = 19*v - 6. Suppose -22 - 2 = 8*z. Let a be i(z). Let o = -45 - a. Calculate the highest common factor of 24 and o.
6
Suppose 2*i + 11 + 9 = 0. Let k be 3400/60*(8/i - -2). Calculate the greatest common divisor of 102 and k.
34
Let s be ((-6)/(-30) + (-39)/(-30))*56. Let y = s + -56. What is the greatest common factor of 308 and y?
28
Let r = 19882 + -13002. Calculate the highest common divisor of r and 160.
160
Suppose 3 = t - 21. Let i(p) = p**3 + 52*p**2 + 192*p + 12. Let d be i(-48). Calculate the highest common factor of t and d.
12
Let t = 461 + -423. Let q be ((-8)/3)/(t/(-57)) - -2. What is the highest common factor of 22 and q?
2
Let g be (-330)/55 - 24/(-1). Let v(r) = 61*r. Let w be v(-3). Let s = w - -327. Calculate the highest common divisor of g and s.
18
Suppose -38*a + 8*a = -13*a - 430865. Calculate the highest common divisor of a and 411.
137
Suppose 15820 = 7*b + 7*b. Suppose -1132*h = -b*h - 160. What is the highest common divisor of 200 and h?
40
Let n = -3462 - -3572. What is the greatest common factor of n and 66?
22
Let m be 260/8 - (-3)/2. Let g(b) = b**3 - 12*b**2 - 14*b. Let h be g(13). Let y = h + m. Calculate the highest common factor of y and 21.
21
Let k be ((-238)/(-42) + -5)*(-3 + 1521). Calculate the highest common factor of k and 6348.
92
Suppose 4*z + 137 = 5*s, 57*s = 53*s - 5*z + 126. Calculate the highest common factor of 6757 and s.
29
Suppose -419 = -8*y + 4437. Let d = -559 + y. Calculate the highest common factor of 24 and d.
24
Suppose 27573 + 42961 = 5*w - 13051. Calculate the highest common factor of w and 73.
73
Let u(c) = -62*c + 119 + 4*c + 4*c - 16*c. Let h be u(0). What is the highest common divisor of h and 17?
17
Suppose 4*k = i - 22, -3*i + 23 = i - 3*k. Let c(t) = -16*t - 8*t - 7*t**i + t**3 - 13 + 19*t. Let a be c(8). What is the greatest common divisor of a and 77?
11
Let s = 37944 - 37519. Let z be (100/(-6))/((-2)/6). What is the highest common factor of z and s?
25
Let x = 689 + -569. Calculate the highest common factor of 540 and x.
60
Let z = -5727 + 5743. Calculate the highest common factor of z and 744.
8
Let u(w) = 76*w**3 - w**2 - 3*w + 3. Let n(d) = d**3 - 28*d**2 - 57*d - 89. Let j be n(30). Let q be u(j). Calculate the greatest common divisor of q and 275.
25
Suppose 0 = -187*y + 168*y + 16112. What is the greatest common factor of y and 265?
53
Let f be (45 - -1)/(323/3306 - (-8)/116). Calculate the highest common factor of f and 52.
4
Let i = 17269 - 16927. What is the highest common divisor of 306 and i?
18
Suppose -10*t + 177 = p - 15*t, 4*p = 3*t + 759. Calculate the greatest common factor of p and 2112.
192
Suppose 20*j = -6*j + 4019 + 3053. Suppose -v + 8 = -0*v. What is the highest common factor of v and j?
8
Let u(f) = -f**2 - 18*f - 14. Let w be u(-17). Suppose 2 = 3*n - n, w*a - 3*n = 72. Calculate the highest common divisor of a and 25.
25
Suppose -14*c - 405 = -17*c. Suppose -10*d - 5*d + c = 0. Calculate the greatest common divisor of 15 and d.
3
Let l(p) = 690*p + 34. Let c be l(1). Let k = 2587 - c. What is the highest common divisor of 23 and k?
23
Suppose 3*a - 264 = 2*h - 331, -3*h + 88 = -2*a. What is the highest common divisor of 715 and h?
13
Suppose 3*x = 3*c - 33, 2*c - 3*x - 23 = 1. Let v(b) = -13*b + 121. Let n be v(c). What is the greatest common divisor of 8 and n?
4
Suppose 18*c - 20*c - 454 = 0. Let y be (18/4)/(c/(-56) + -4). What is the greatest common factor of 63 and y?
21
Let l(x) = -x**2 + 14*x - 5. Let u be l(7). Let h(q) = 5*q**2 + 39*q. Let v be h(-10). What is the greatest common divisor of u and v?
22
Let w = 11952 + -11843. What is the greatest common factor of w and 3815?
109
Suppose 0 = 13*p - 3*w + 586 - 3692, -3*w - 12 = 0. Calculate the highest common divisor of 28 and p.
14
Let w be (130/(-2))/((-2)/6). Let j be (-1)/(-19)*743 + 1520/(-14440). What is the greatest common divisor of j and w?
39
Let g = 81 + -20. Suppose u + 3*a - 192 = 0, -446*u + 445*u + 195 = 4*a. What is the greatest common factor of g and u?
61
Let b(q) = -q + 76. Let j be b(28). Suppose -5*v + 0*v = -600. Calculate the greatest common divisor of j and v.
24
Suppose 0 = -4*g - 3*a + 197, -263*g - a + 199 = -259*g. Calculate the greatest common factor of 875 and g.
25
Let m(v) = 4*v**2 + 26*v - 6. Let x = -273 + 279. Let h be m(x). Calculate the highest common divisor of h and 28.
14
Let h be (6 - 6) + (-17)/(153/36) - -634. Calculate the highest common factor of h and 1827.
63
Let j be -7*8/(-28) + -2*2. Let d be (-1 - 136/(-12))/(j/(-6)). What is the highest common factor of 279 and d?
31
Let r be (14/(-28) - -2)*-4*92/(-8). Calculate the highest common factor of 36 and r.
3
Let n = -3071 + 3543. Calculate the greatest common factor of n and 354.
118
Let h(y) = -158*y - 6115. Let o be h(-55). Calculate the highest 